{"id":41,"date":"2023-10-08T00:37:30","date_gmt":"2023-10-07T22:37:30","guid":{"rendered":"https:\/\/kudelek.pl\/shop\/?page_id=41"},"modified":"2023-10-31T20:57:34","modified_gmt":"2023-10-31T19:57:34","slug":"kontakt","status":"publish","type":"page","link":"https:\/\/kudelek.pl\/shop\/kontakt\/","title":{"rendered":"Kontakt"},"content":{"rendered":"<div class=\"info-map-container\">\n<div class=\"info-container\">\n<div class=\"contact-container\">\n<div class=\"contact-item\">\n                <span class=\"contact-label\">mail:<\/span> <a href=\"mailto:info@kudelek.pl\">info@kudelek.pl<\/a>\n            <\/div>\n<div class=\"contact-item\">\n                <span class=\"contact-label\">telefon:<\/span> 536 806 857\n            <\/div><\/div>\n<div class=\"owner-info\">\n            W\u0142a\u015bcicielem marki Kude\u0142ek jest:<br \/>\n            <strong>Genevet Sp. z o.o.<\/strong> z siedzib\u0105 w Gda\u0144sku<\/p>\n<div class=\"address\">\n                <span class=\"address-label\">Adres:<\/span><\/p>\n<address>\n                    ul. Kampinoska 25<br \/>\n                    80-180 Gda\u0144sk<br \/>\n                <\/address>\n<\/p><\/div><\/div><\/div>\n<div class=\"map-container\">\n<div style=\"max-width:100%;list-style:none; transition: none;overflow:hidden;width:500px;height:500px;\">\n<div id=\"gmap-canvas\" style=\"height:100%; width:100%;max-width:100%;\">\n                <iframe style=\"height:100%;width:100%;border:0;\" frameborder=\"0\" src=\"https:\/\/www.google.com\/maps\/embed\/v1\/place?q=Kampinoska+25,+Gda\u0144sk,+Polska&#038;key=AIzaSyBFw0Qbyq9zTFTd-tUY6dZWTgaQzuU17R8\"><\/iframe>\n            <\/div>\n<p>            <a class=\"google-maps-html\" href=\"https:\/\/www.bootstrapskins.com\/themes\" id=\"make-map-infor-mation\">premium bootstrap themes<\/a>\n        <\/div><\/div>\n<\/div>\n","protected":false},"excerpt":{"rendered":"<p>mail: info@kudelek.pl telefon: 536 806 857 W\u0142a\u015bcicielem marki Kude\u0142ek jest: Genevet Sp. z o.o. z siedzib\u0105 w Gda\u0144sku Adres: ul. Kampinoska 25 80-180 Gda\u0144sk premium&#8230;<\/p>\n","protected":false},"author":1,"featured_media":0,"parent":0,"menu_order":0,"comment_status":"closed","ping_status":"closed","template":"","meta":{"footnotes":""},"aioseo_notices":[],"jetpack_sharing_enabled":true,"_links":{"self":[{"href":"https:\/\/kudelek.pl\/shop\/wp-json\/wp\/v2\/pages\/41"}],"collection":[{"href":"https:\/\/kudelek.pl\/shop\/wp-json\/wp\/v2\/pages"}],"about":[{"href":"https:\/\/kudelek.pl\/shop\/wp-json\/wp\/v2\/types\/page"}],"author":[{"embeddable":true,"href":"https:\/\/kudelek.pl\/shop\/wp-json\/wp\/v2\/users\/1"}],"replies":[{"embeddable":true,"href":"https:\/\/kudelek.pl\/shop\/wp-json\/wp\/v2\/comments?post=41"}],"version-history":[{"count":7,"href":"https:\/\/kudelek.pl\/shop\/wp-json\/wp\/v2\/pages\/41\/revisions"}],"predecessor-version":[{"id":278,"href":"https:\/\/kudelek.pl\/shop\/wp-json\/wp\/v2\/pages\/41\/revisions\/278"}],"wp:attachment":[{"href":"https:\/\/kudelek.pl\/shop\/wp-json\/wp\/v2\/media?parent=41"}],"curies":[{"name":"wp","href":"https:\/\/api.w.org\/{rel}","templated":true}]}}