{"id":117,"date":"2023-10-08T04:31:46","date_gmt":"2023-10-08T02:31:46","guid":{"rendered":"https:\/\/kudelek.pl\/shop\/?post_type=product&#038;p=117"},"modified":"2024-04-30T09:55:58","modified_gmt":"2024-04-30T07:55:58","slug":"szampon-do-siersci-jasnej","status":"publish","type":"product","link":"https:\/\/kudelek.pl\/shop\/product\/szampon-do-siersci-jasnej\/","title":{"rendered":"Szampon do sier\u015bci jasnej"},"content":{"rendered":"<p style=\"font-weight: 400;\">Oto &#8222;Kude\u0142ek&#8221; &#8211; szampon stworzony w laboratorium GeneVet specjalnie dla ps\u00f3w o jasnej sier\u015bci, kt\u00f3ry zachwyci Ci\u0119 swoj\u0105 skuteczno\u015bci\u0105 i delikatno\u015bci\u0105 dzia\u0142ania. Dzi\u0119ki wyj\u0105tkowej formule, Tw\u00f3j pies b\u0119dzie mia\u0142 nie tylko czyst\u0105, ale tak\u017ce zdrow\u0105 i pi\u0119knie l\u015bni\u0105c\u0105 sier\u015b\u0107.<\/p>\n<p style=\"font-weight: 400;\">Ten kosmetyk nie tylko skutecznie usuwa zabrudzenia, u\u0142atwia rozczesywanie i likwiduje nieprzyjemny zapach, ale tak\u017ce \u0142agodzi podra\u017cnienia sk\u00f3ry, nie wysuszaj\u0105c jej. Sier\u015b\u0107 po u\u017cyciu szamponu &#8222;Kude\u0142ek&#8221; staje si\u0119 mi\u0119kka i mi\u0142a w dotyku, a dzi\u0119ki \u0142agodnym \u015brodkom myj\u0105cym, naturalna gospodarka lipidowa sk\u00f3ry i sier\u015bci psa pozostaje nienaruszona.<\/p>\n<p style=\"font-weight: 400;\">Substancje aktywne zawarte w produkcie dzia\u0142aj\u0105 \u0142agodz\u0105co, regeneruj\u0105co, nawil\u017caj\u0105co i od\u017cywczo, posiadaj\u0105 te\u017c w\u0142a\u015bciwo\u015bci przeciwbakteryjne i przeciwzapalne. Dzi\u0119ki nim sier\u015b\u0107 staje si\u0119 l\u015bni\u0105ca, g\u0142adka i \u0142atwa w rozczesywaniu, nawet u piesk\u00f3w o d\u0142ugich w\u0142osach.<\/p>\n<p style=\"font-weight: 400;\">Daj swojemu pupilowi najlepsz\u0105 piel\u0119gnacj\u0119, wybieraj\u0105c szampon &#8222;Kude\u0142ek&#8221; &#8211; produkt, kt\u00f3ry sprawi, \u017ce Tw\u00f3j pies b\u0119dzie wygl\u0105da\u0142 i czu\u0142 si\u0119 znakomicie. Pozw\u00f3l mu cieszy\u0107 si\u0119 zdrow\u0105 i pi\u0119kn\u0105 sier\u015bci\u0105 ju\u017c teraz!<\/p>\n<p style=\"font-weight: 400;\">\n<p style=\"font-weight: 400;\"><strong>SK\u0141AD:<\/strong><\/p>\n<p style=\"font-weight: 400;\">Aqua, coco-glucoside, sodium coco-sulfate, cocamidopropyl betaine, glycerin, hydrozyled wheat, gluten, chamomila recuta flower extract, panthenol, alantoin, sodium chloride, citric acid, gluconalactone, phenthyl alcohol, caprylyl glycol, calcium gluconate, sodium benzoate, potassium sorbate, parfum<\/p>\n<p style=\"font-weight: 400;\"><strong>POJEMNO\u015a\u0106:<\/strong> 250 ml<\/p>\n<p style=\"font-weight: 400;\">\n<p style=\"font-weight: 400;\"><strong>W\u0141A\u015aCIWO\u015aCI:<\/strong><\/p>\n<p style=\"font-weight: 400;\"><strong>PANTENOL:<\/strong>\u00a0Z uwagi na niewielki rozmiar cz\u0105steczek bardzo dobrze wnika w g\u0142\u0119bokie warstwy nask\u00f3rka i przekszta\u0142ca si\u0119 w kwas pantotenowy, kt\u00f3ry wzmacnia struktur\u0119 sk\u00f3ry oraz w\u0142osa, nawil\u017caj\u0105c i zamykaj\u0105c jego \u0142uski.<\/p>\n<p style=\"font-weight: 400;\"><strong>EKSTRAKT Z RUMIANKU:<\/strong>\u00a0dzia\u0142a przeciwzapalnie i przeciwbakteryjnie \u0142agodz\u0105c podra\u017cnienia, stany zapalne i przyspieszaj\u0105c gojenie si\u0119 sk\u00f3ry. Dodatkowo wyr\u00f3wnuje kolor jasnej sier\u015bci.<\/p>\n<p style=\"font-weight: 400;\"><strong>GLUTEN PSZENNY<\/strong>: wykazuje dzia\u0142anie od\u017cywcze, kondycjonuj\u0105ce, nawil\u017caj\u0105ce, wzmacniaj\u0105ce i ochronne. Tworzy na powierzchni sk\u00f3ry i w\u0142osa elastyczn\u0105, napinaj\u0105c\u0105 i liftinguj\u0105c\u0105, niewidoczn\u0105 go\u0142ym okiem, wyg\u0142adzaj\u0105c\u0105 pow\u0142ok\u0119. Dodatkowo ma w\u0142a\u015bciwo\u015bci reguluj\u0105ce pH kosmetyku.<\/p>\n<p style=\"font-weight: 400;\"><strong>GLICERYNA:\u00a0<\/strong> doskonale nawil\u017ca struktur\u0119 w\u0142osa oraz sk\u00f3r\u0119, zapewniaj\u0105c odpowiednie nawodnienie i elastyczno\u015b\u0107.<\/p>\n<p style=\"font-weight: 400;\"><strong>KOKAMIDOPROPYLOBETAINA:<\/strong>\u00a0jest to substancja, kt\u00f3rej zadaniem jest skuteczne oczyszczenie sk\u00f3ry i sier\u015bci.\u00a0 Nie przenika przez barier\u0119 nask\u00f3rkow\u0105 oraz do g\u0142\u0119bszych warstw sk\u00f3ry. Substancja ta zmniejsza niekorzystne dzia\u0142anie anionowych substancji powierzchniowo czynnych. Jest sk\u0142adnikiem bardzo \u0142agodnym\u00a0 dla sk\u00f3ry i b\u0142on \u015bluzowych dzi\u0119ki czemu delikatnie oczyszcza a ponadto dzia\u0142a antystaycznie.<\/p>\n<p style=\"font-weight: 400;\"><strong>S\u00d3L SODOWA SIARCZANU ALKOHOLI T\u0141USZCZOWYCH Z OLEJU KOKOSOWEGO:<\/strong>\u00a0ma dzia\u0142anie oczyszczaj\u0105ce. Dobrze usuwa z powierzchni sk\u00f3ry i sier\u015bci wszelkie zanieczyszczenia. Dodatkowo dzia\u0142a r\u00f3wnie\u017c antystatycznie. Sprawia tak\u017ce, \u017ce sier\u015b\u0107 mniej si\u0119 pl\u0105cze.<\/p>\n<p style=\"font-weight: 400;\"><strong>KWAS CYTRYNOWY:<\/strong>\u00a0ta substancja wykazuje dzia\u0142anie keratolityczne, czyli z\u0142uszczaj\u0105ce, dzi\u0119ki czemu redukuje przebarwienia.<\/p>\n<p style=\"font-weight: 400;\"><strong>POLIGUKOZYD KWAS\u00d3W OLEJU KOKOSOWEGO:\u00a0<\/strong>substancja dobrze oczyszcza sk\u00f3r\u0119,<strong>\u00a0m<\/strong>a w\u0142a\u015bciwo\u015bci kondycjonuj\u0105ce \u2013 sprawia, \u017ce sier\u015b\u0107 wygl\u0105daj\u0105 na g\u0142adsz\u0105 a sk\u00f3ra staje si\u0119 bardziej nawil\u017cona i zregenerowana.<\/p>\n<p style=\"font-weight: 400;\"><strong>ALANTOINA:<\/strong>\u00a0delikatnie rozja\u015bnia, wyg\u0142adza sier\u015b\u0107 i \u0142agodzi sk\u00f3r\u0119. Jest skuteczna w z\u0142uszczaniu nask\u00f3rka. Znalaz\u0142a swoje zastosowanie r\u00f3wnie\u017c w leczeniu chor\u00f3b sk\u00f3ry. \u00a0\u0141agodzi podra\u017cnienia, zmi\u0119kcza sk\u00f3r\u0119 i zmniejsza potrzeb\u0119 drapania si\u0119. Jest to delikatna substancja, kt\u00f3ra nie powoduje alergii.<\/p>\n<p style=\"font-weight: 400;\"><strong>CHLOREK SODU:<\/strong>\u00a0odpowiada za utrzymanie r\u00f3wnowagi elektrolitowej, pe\u0142ni istotn\u0105 funkcj\u0119 w procesie nawadniania. Ma zdolno\u015b\u0107 do wi\u0105zania cz\u0105steczek wody przez co zmniejsza jej aktywno\u015b\u0107 biologiczn\u0105. W ten spos\u00f3b ogranicza rozw\u00f3j bakterii w kosmetyku.<\/p>\n<p style=\"font-weight: 400;\"><strong>GLUKONOLAKTON: <\/strong>Pomaga z\u0142agodzi\u0107 objawy chor\u00f3b sk\u00f3ry. Neutralizuje szkodliwe dzia\u0142anie wolnych rodnik\u00f3w, kt\u00f3re powstaj\u0105 mi\u0119dzy innymi pod wp\u0142ywem promieniowania UV. Ma du\u017ce cz\u0105steczki, kt\u00f3re s\u0142abiej wnikaj\u0105 przez sk\u00f3r\u0119, dzi\u0119ki czemu jest przez ni\u0105 lepiej tolerowany. Polecany szczeg\u00f3lnie dla sk\u00f3ry wra\u017cliwej i alergicznej.<\/p>\n<p style=\"font-weight: 400;\"><strong>GLIKOL KAPRYLOWY:<\/strong>\u00a0wi\u0105\u017ce wod\u0119 w sk\u00f3rze, dzi\u0119ki czemu zapobiega jej parowaniu. Stanowi t\u0142usty emolient, kt\u00f3ry pozostawia cienk\u0105 warstw\u0119 na powierzchni sk\u00f3ry, chroni\u0105c\u0105 przed utrat\u0105 wody z nask\u00f3rka. Nat\u0142uszcza, zmi\u0119kcza, nawil\u017ca oraz wyg\u0142adza powierzchni\u0119 sk\u00f3ry i w\u0142os\u00f3w.<\/p>\n<p style=\"font-weight: 400;\"><strong>GLUKONIAN WAPNIA<\/strong>: ma dzia\u0142anie przeciwzapalne i przeciwuczuleniowe. Dzia\u0142a \u0142agodz\u0105co na sk\u00f3r\u0119 i wspomagaj\u0105co na syntez\u0119 witaminy C, kt\u00f3ra jest niezb\u0119dna do produkcji kolagenu.<\/p>\n<p style=\"font-weight: 400;\"><strong>BENZOESAN SODU:<\/strong>\u00a0s\u00f3l sodowa kwasu benzoesowego, zatrzymuje rozw\u00f3j bakterii, ple\u015bni i grzyb\u00f3w, kt\u00f3re mog\u0142yby by\u0107 gro\u017ane dla ps\u00f3w.<\/p>\n<p style=\"font-weight: 400;\"><strong>SORBINIAN POTASU:<\/strong>\u00a0s\u00f3l potasowa kwasu sorbinowego ogranicza rozw\u00f3j bakterii, dro\u017cd\u017cy i ple\u015bni. Zapobiega wt\u00f3rnemu zaka\u017ceniu mikroorganizmami, do kt\u00f3rego dochodzi podczas nak\u0142adania preparatu d\u0142o\u0144mi.<\/p>\n","protected":false},"excerpt":{"rendered":"<p>Pozw\u00f3l, by sier\u015b\u0107 Twojego pupila zawsze wygl\u0105da\u0142a jak po wizycie u profesjonalnego groomera. Nasz Szampon do sier\u015bci jasnej jest specjalnie stworzony, aby podkre\u015bli\u0107 naturalne pi\u0119kno jasnej sier\u015bci. Zawiera \u0142agodne substancje myj\u0105ce, kt\u00f3re dok\u0142adnie oczyszcz\u0105 sk\u00f3r\u0119 i sier\u015b\u0107, a specjalnie dobrane sk\u0142adniki sprawi\u0105, \u017ce jasna sier\u015b\u0107 b\u0119dzie b\u0142yszcz\u0105ca i pe\u0142na blasku. Szampon jest \u0142atwy do sp\u0142ukania i pozostawia przyjemny, d\u0142ugotrwa\u0142y zapach.<\/p>\n","protected":false},"featured_media":310,"template":"","meta":[],"etheme_brands":[],"product_cat":[17],"product_tag":[],"aioseo_notices":[],"jetpack_sharing_enabled":true,"_links":{"self":[{"href":"https:\/\/kudelek.pl\/shop\/wp-json\/wp\/v2\/product\/117"}],"collection":[{"href":"https:\/\/kudelek.pl\/shop\/wp-json\/wp\/v2\/product"}],"about":[{"href":"https:\/\/kudelek.pl\/shop\/wp-json\/wp\/v2\/types\/product"}],"wp:featuredmedia":[{"embeddable":true,"href":"https:\/\/kudelek.pl\/shop\/wp-json\/wp\/v2\/media\/310"}],"wp:attachment":[{"href":"https:\/\/kudelek.pl\/shop\/wp-json\/wp\/v2\/media?parent=117"}],"wp:term":[{"taxonomy":"brand","embeddable":true,"href":"https:\/\/kudelek.pl\/shop\/wp-json\/wp\/v2\/etheme_brands?post=117"},{"taxonomy":"product_cat","embeddable":true,"href":"https:\/\/kudelek.pl\/shop\/wp-json\/wp\/v2\/product_cat?post=117"},{"taxonomy":"product_tag","embeddable":true,"href":"https:\/\/kudelek.pl\/shop\/wp-json\/wp\/v2\/product_tag?post=117"}],"curies":[{"name":"wp","href":"https:\/\/api.w.org\/{rel}","templated":true}]}}