{"id":299,"date":"2023-11-13T20:10:36","date_gmt":"2023-11-13T19:10:36","guid":{"rendered":"https:\/\/kudelek.pl\/shop\/?post_type=product&#038;p=299"},"modified":"2024-01-16T12:28:43","modified_gmt":"2024-01-16T11:28:43","slug":"zestaw-do-siersci-jasnej","status":"publish","type":"product","link":"https:\/\/kudelek.pl\/shop\/product\/zestaw-do-siersci-jasnej\/","title":{"rendered":"Zestaw do sier\u015bci jasnej"},"content":{"rendered":"<p>Zestaw kosmetyk\u00f3w do mycia i piel\u0119gnacji sier\u015bci jasnej w sk\u0142ad kt\u00f3rego wchodz\u0105:<\/p>\n<ul>\n<li>Szampon<\/li>\n<li>Od\u017cywka<\/li>\n<li>Balsam do \u0142apek<\/li>\n<\/ul>\n<p style=\"font-weight: 400;\">\ud83c\udf1f Zestaw do Sier\u015bci Jasnej dla Twojego Psa \u2013 Klucz do Zdrowej i L\u015bni\u0105cej Sier\u015bci! \ud83c\udf1f<\/p>\n<p style=\"font-weight: 400;\">Je\u015bli poszukujesz doskona\u0142ego rozwi\u0105zania, aby Tw\u00f3j pies z jasn\u0105 sier\u015bci\u0105 prezentowa\u0142 si\u0119 wspaniale, mamy dla Ciebie idealny zestaw kosmetyk\u00f3w! Nasza Od\u017cywka do Sier\u015bci Jasnej dla Ps\u00f3w to sekret, kt\u00f3ry pomo\u017ce Twojemu pupilowi osi\u0105gn\u0105\u0107 niezr\u00f3wnany poziom urody i komfortu. Dlaczego nasze kosmetyki s\u0105 tak wyj\u0105tkowe? Poznaj ich liczne zalety:<\/p>\n<p style=\"font-weight: 400;\">\ud83e\uddf4 **\u0141atwo\u015b\u0107 Stosowania**: Nasze kosmetyki s\u0105 \u0142atwe w u\u017cyciu i doskonale rozprowadzaj\u0105 si\u0119 po sier\u015bci Twojego psa, zapewniaj\u0105c maksymalne efekty.<\/p>\n<p style=\"font-weight: 400;\">\ud83c\udf38 **Przyjemny Zapach**: Po zastosowaniu kosmetyk\u00f3w Tw\u00f3j pies b\u0119dzie pachnia\u0142 \u015bwie\u017co\u015bci\u0105 przez d\u0142ugi czas.<\/p>\n<p style=\"font-weight: 400;\">\ud83d\udd52 **Trwa\u0142e Efekty**: Regularne stosowanie kosmetyk\u00f3w sprawi, \u017ce sier\u015b\u0107 Twojego pupila b\u0119dzie zawsze wygl\u0105da\u0107 zdrowo i pi\u0119knie.<\/p>\n<p style=\"font-weight: 400;\">\u2728 **Najwy\u017csza Jako\u015b\u0107 Sk\u0142adnik\u00f3w**: Nasze kosmetyki stworzone s\u0105 \u00a0z my\u015bl\u0105 o zdrowiu i pi\u0119knie sier\u015bci Twojego psa. Gwarantujemy, \u017ce ka\u017cdy sk\u0142adnik jest starannie wyselekcjonowany, aby zapewni\u0107 najwy\u017csz\u0105 jako\u015b\u0107 piel\u0119gnacji.<\/p>\n<p>Szampon:<\/p>\n<p style=\"font-weight: 400;\">\ud83c\udf3f **Naturalne Ekstrakty Ro\u015blinne**: Dzi\u0119ki ekstraktowi z rumianku nasz szampon \u0142agodzi sk\u00f3r\u0119 i dzia\u0142a koj\u0105co. To idealne rozwi\u0105zanie dla ps\u00f3w z wra\u017cliw\u0105 sk\u00f3r\u0105.<\/p>\n<p style=\"font-weight: 400;\">\ud83d\udca7 **Nawil\u017cenie i Od\u017cywienie**: Sk\u0142adniki zawarte w szamponie \u00a0doskonale nawil\u017caj\u0105 i od\u017cywiaj\u0105 sier\u015b\u0107, sprawiaj\u0105c, \u017ce staje si\u0119 mi\u0119kka, g\u0142adka i pe\u0142na blasku.<\/p>\n<p style=\"font-weight: 400;\">\ud83c\udf08 **Sier\u015b\u0107 Jasna w Najlepszej Formie**: Szampon pomaga utrzyma\u0107 jasne odcienie sier\u015bci, pozostawiaj\u0105c j\u0105 pi\u0119knie roz\u015bwietlon\u0105 i promienn\u0105.<\/p>\n<p style=\"font-weight: 400;\">\ud83c\udf31 **Bezpieczny i Delikatny**: Nasz produkt jest wolny od agresywnych substancji chemicznych, co sprawia, \u017ce jest delikatny dla sk\u00f3ry i sier\u015bci Twojego pupila.<\/p>\n<p>Od\u017cywka:<\/p>\n<p style=\"font-weight: 400;\">\ud83c\udf3f **Naturalne Sk\u0142adniki**: Olej jojoba (Simmondsia Chinesis Seed Oil) i olej kokosowy (Cocos Nucifera Oil) dostarczaj\u0105 intensywne nawil\u017cenie i od\u017cywienie sier\u015bci, nadaj\u0105c jej mi\u0119kko\u015b\u0107 i blask.<\/p>\n<p style=\"font-weight: 400;\">\ud83d\udca7 **Chamomila Recutita Flower Extract**: Ekstrakt z rumianku Chamomila Recutita Flower Extract dzia\u0142a \u0142agodz\u0105co na sk\u00f3r\u0119 i przynosi ukojenie, co jest idealne dla ps\u00f3w o jasnej sier\u015bci.<\/p>\n<p style=\"font-weight: 400;\">\ud83c\udf31 **Panthenol**: Pro-Witamina B5, kt\u00f3ra wspomaga zdrowie sier\u015bci i sk\u00f3ry, zapewniaj\u0105c im odpowiednie nawil\u017cenie i elastyczno\u015b\u0107.<\/p>\n<p>Balsam:<\/p>\n<p style=\"font-weight: 400;\">\ud83c\udf3f **Butyrospermum Parkii Butter**: Mas\u0142o shea, kt\u00f3re doskonale nawil\u017ca i piel\u0119gnuje \u0142apki, zapewniaj\u0105c im mi\u0119kko\u015b\u0107 i elastyczno\u015b\u0107.<\/p>\n<p style=\"font-weight: 400;\">\ud83c\udf6f **Besswax**: Wosk pszczeli dzia\u0142a jak naturalna bariera ochronna, chroni\u0105c \u0142apki przed czynnikami zewn\u0119trznymi.<\/p>\n<p style=\"font-weight: 400;\">\ud83c\udf30 **Macadamia Ternifolia Seed Oil**: Olejek macadamia nawil\u017ca i od\u017cywia, zapobiegaj\u0105c przesuszeniu \u0142apek.<\/p>\n<p style=\"font-weight: 400;\">\ud83e\udd65 **Cocos Nucifera Oil**: Olej kokosowy dostarcza d\u0142ugotrwa\u0142ego nawil\u017cenia i wspomaga elastyczno\u015b\u0107 \u0142apek.<\/p>\n<p style=\"font-weight: 400;\">\ud83c\udf3f **Tocopheryl Acetate**: Witamina E chroni \u0142apki przed szkodliwym wp\u0142ywem wolnych rodnik\u00f3w.<\/p>\n<p style=\"font-weight: 400;\">Daj swojemu psu sier\u015b\u0107 marze\u0144, o jakiej zawsze marzy\u0142e\u015b. Zam\u00f3w nasz\u0105 zestaw ju\u017c teraz i zobacz, jak jego sier\u015b\u0107 nabiera \u017cycia i pi\u0119kna. Tw\u00f3j pies zas\u0142uguje na to!<\/p>\n<p style=\"font-weight: 400;\">\ud83d\udc3e **Zam\u00f3w teraz i spraw, aby sier\u015b\u0107 Twojego psa b\u0142yszcza\u0142a w pe\u0142nym blasku!** \ud83d\udc3e<\/p>\n","protected":false},"excerpt":{"rendered":"<p>Daj swojemu psu poczucie luksusu z naszym Zestawem do sier\u015bci jasnej. Kosmetyki \u00a0wzbogacone o naturalne sk\u0142adniki, kt\u00f3re wzmacniaj\u0105, wyg\u0142adzaj\u0105 i dodaj\u0105 blasku sier\u015bci. Szampon zawiera \u0142agodne substancje myj\u0105ce, kt\u00f3re dok\u0142adnie oczyszcz\u0105 sk\u00f3r\u0119 i sier\u015b\u0107, a specjalnie dobrane sk\u0142adniki sprawi\u0105, \u017ce jasna sier\u015b\u0107 b\u0119dzie b\u0142yszcz\u0105ca i pe\u0142na blasku. Od\u017cywka u\u0142atwia rozczesywanie, a jej lekki, \u015bwie\u017cy zapach utrzymuje si\u0119 na sier\u015bci przez d\u0142ugi czas. Balsam jest idealny na ka\u017cd\u0105 pogod\u0119 \u2013 chroni \u0142apki przed skutkami zimna i soli w zimie, a w lecie zapewnia ochron\u0119 przed gor\u0105cym asfaltem.<\/p>\n","protected":false},"featured_media":300,"template":"","meta":[],"etheme_brands":[],"product_cat":[20],"product_tag":[],"aioseo_notices":[],"jetpack_sharing_enabled":true,"_links":{"self":[{"href":"https:\/\/kudelek.pl\/shop\/wp-json\/wp\/v2\/product\/299"}],"collection":[{"href":"https:\/\/kudelek.pl\/shop\/wp-json\/wp\/v2\/product"}],"about":[{"href":"https:\/\/kudelek.pl\/shop\/wp-json\/wp\/v2\/types\/product"}],"wp:featuredmedia":[{"embeddable":true,"href":"https:\/\/kudelek.pl\/shop\/wp-json\/wp\/v2\/media\/300"}],"wp:attachment":[{"href":"https:\/\/kudelek.pl\/shop\/wp-json\/wp\/v2\/media?parent=299"}],"wp:term":[{"taxonomy":"brand","embeddable":true,"href":"https:\/\/kudelek.pl\/shop\/wp-json\/wp\/v2\/etheme_brands?post=299"},{"taxonomy":"product_cat","embeddable":true,"href":"https:\/\/kudelek.pl\/shop\/wp-json\/wp\/v2\/product_cat?post=299"},{"taxonomy":"product_tag","embeddable":true,"href":"https:\/\/kudelek.pl\/shop\/wp-json\/wp\/v2\/product_tag?post=299"}],"curies":[{"name":"wp","href":"https:\/\/api.w.org\/{rel}","templated":true}]}}